{"id":62,"date":"2013-02-04T14:52:42","date_gmt":"2013-02-04T14:52:42","guid":{"rendered":"http:\/\/www.anadolupnomatik.com.tr\/?page_id=62"},"modified":"2014-01-27T11:35:26","modified_gmt":"2014-01-27T11:35:26","slug":"hizmetler","status":"publish","type":"page","link":"https:\/\/www.anadolupnomatik.com.tr\/?page_id=62","title":{"rendered":"Hizmetler"},"content":{"rendered":"<div class=\"fancy_images\"><div class=\"fancy_image\"><a rel=\"prettyPhoto[fancy_img_group_716]\" href=\"http:\/\/www.anadolupnomatik.com.tr\/wp-content\/uploads\/2014\/01\/beyaz-e\u015fya.jpg\" title=\"\" class=\"fancy_image_load\" style=\"background:no-repeat center center;display:block;position:relative;height:178px;width:276px;\"><span class=\"noscript\"><img loading=\"lazy\" decoding=\"async\" class=\"hover_fade_js\" src=\"https:\/\/www.anadolupnomatik.com.tr\/wp-content\/themes\/awake\/lib\/scripts\/timthumb\/thumb.php?src=http:\/\/www.anadolupnomatik.com.tr\/wp-content\/uploads\/2014\/01\/beyaz-e\u015fya.jpg&#038;w=258&#038;h=160&#038;zc=1&#038;q=100\" title=\"\" alt=\"\" width=\"258\" height=\"160\" \/><\/span><div class=\"mysite_preloader\"><img decoding=\"async\" src=\"https:\/\/www.anadolupnomatik.com.tr\/wp-content\/themes\/awake\/images\/assets\/transparent.gif\" style=\"background-image: url(https:\/\/www.anadolupnomatik.com.tr\/wp-content\/themes\/awake\/images\/assets\/preloader.png);background-position:left center;\"><\/div><\/a><\/div><div class=\"fancy_image\"><a rel=\"prettyPhoto[fancy_img_group_716]\" href=\"http:\/\/www.anadolupnomatik.com.tr\/wp-content\/uploads\/2014\/01\/demir-\u00e7elik-sekt\u00f6r\u00fc8.jpg\" title=\"\" class=\"fancy_image_load\" style=\"background:no-repeat center center;display:block;position:relative;height:178px;width:276px;\"><span class=\"noscript\"><img loading=\"lazy\" decoding=\"async\" class=\"hover_fade_js\" src=\"https:\/\/www.anadolupnomatik.com.tr\/wp-content\/themes\/awake\/lib\/scripts\/timthumb\/thumb.php?src=http:\/\/www.anadolupnomatik.com.tr\/wp-content\/uploads\/2014\/01\/demir-\u00e7elik-sekt\u00f6r\u00fc8.jpg&#038;w=258&#038;h=160&#038;zc=1&#038;q=100\" title=\"\" alt=\"\" width=\"258\" height=\"160\" \/><\/span><div class=\"mysite_preloader\"><img decoding=\"async\" src=\"https:\/\/www.anadolupnomatik.com.tr\/wp-content\/themes\/awake\/images\/assets\/transparent.gif\" style=\"background-image: url(https:\/\/www.anadolupnomatik.com.tr\/wp-content\/themes\/awake\/images\/assets\/preloader.png);background-position:left center;\"><\/div><\/a><\/div><div class=\"fancy_image\"><a rel=\"prettyPhoto[fancy_img_group_716]\" href=\"http:\/\/www.anadolupnomatik.com.tr\/wp-content\/uploads\/2014\/01\/g\u0131da4.jpg\" title=\"\" class=\"fancy_image_load\" style=\"background:no-repeat center center;display:block;position:relative;height:178px;width:276px;\"><span class=\"noscript\"><img loading=\"lazy\" decoding=\"async\" class=\"hover_fade_js\" src=\"https:\/\/www.anadolupnomatik.com.tr\/wp-content\/themes\/awake\/lib\/scripts\/timthumb\/thumb.php?src=http:\/\/www.anadolupnomatik.com.tr\/wp-content\/uploads\/2014\/01\/g\u0131da4.jpg&#038;w=258&#038;h=160&#038;zc=1&#038;q=100\" title=\"\" alt=\"\" width=\"258\" height=\"160\" \/><\/span><div class=\"mysite_preloader\"><img decoding=\"async\" src=\"https:\/\/www.anadolupnomatik.com.tr\/wp-content\/themes\/awake\/images\/assets\/transparent.gif\" style=\"background-image: url(https:\/\/www.anadolupnomatik.com.tr\/wp-content\/themes\/awake\/images\/assets\/preloader.png);background-position:left center;\"><\/div><\/a><\/div><div class=\"fancy_image\"><a rel=\"prettyPhoto[fancy_img_group_716]\" href=\"http:\/\/www.anadolupnomatik.com.tr\/wp-content\/uploads\/2014\/01\/i\u015f-makinalar\u01313.jpg\" title=\"\" class=\"fancy_image_load\" style=\"background:no-repeat center center;display:block;position:relative;height:178px;width:276px;\"><span class=\"noscript\"><img loading=\"lazy\" decoding=\"async\" class=\"hover_fade_js\" src=\"https:\/\/www.anadolupnomatik.com.tr\/wp-content\/themes\/awake\/lib\/scripts\/timthumb\/thumb.php?src=http:\/\/www.anadolupnomatik.com.tr\/wp-content\/uploads\/2014\/01\/i\u015f-makinalar\u01313.jpg&#038;w=258&#038;h=160&#038;zc=1&#038;q=100\" title=\"\" alt=\"\" width=\"258\" height=\"160\" \/><\/span><div class=\"mysite_preloader\"><img decoding=\"async\" src=\"https:\/\/www.anadolupnomatik.com.tr\/wp-content\/themes\/awake\/images\/assets\/transparent.gif\" style=\"background-image: url(https:\/\/www.anadolupnomatik.com.tr\/wp-content\/themes\/awake\/images\/assets\/preloader.png);background-position:left center;\"><\/div><\/a><\/div><div class=\"fancy_image\"><a rel=\"prettyPhoto[fancy_img_group_716]\" href=\"http:\/\/www.anadolupnomatik.com.tr\/wp-content\/uploads\/2014\/01\/kroyojenik4.jpg\" title=\"\" class=\"fancy_image_load\" style=\"background:no-repeat center center;display:block;position:relative;height:178px;width:276px;\"><span class=\"noscript\"><img loading=\"lazy\" decoding=\"async\" class=\"hover_fade_js\" src=\"https:\/\/www.anadolupnomatik.com.tr\/wp-content\/themes\/awake\/lib\/scripts\/timthumb\/thumb.php?src=http:\/\/www.anadolupnomatik.com.tr\/wp-content\/uploads\/2014\/01\/kroyojenik4.jpg&#038;w=258&#038;h=160&#038;zc=1&#038;q=100\" title=\"\" alt=\"\" width=\"258\" height=\"160\" \/><\/span><div class=\"mysite_preloader\"><img decoding=\"async\" src=\"https:\/\/www.anadolupnomatik.com.tr\/wp-content\/themes\/awake\/images\/assets\/transparent.gif\" style=\"background-image: url(https:\/\/www.anadolupnomatik.com.tr\/wp-content\/themes\/awake\/images\/assets\/preloader.png);background-position:left center;\"><\/div><\/a><\/div><div class=\"fancy_image\"><a rel=\"prettyPhoto[fancy_img_group_716]\" href=\"http:\/\/www.anadolupnomatik.com.tr\/wp-content\/uploads\/2014\/01\/otomotiv4.jpg\" title=\"\" class=\"fancy_image_load\" style=\"background:no-repeat center center;display:block;position:relative;height:178px;width:276px;\"><span class=\"noscript\"><img loading=\"lazy\" decoding=\"async\" class=\"hover_fade_js\" src=\"https:\/\/www.anadolupnomatik.com.tr\/wp-content\/themes\/awake\/lib\/scripts\/timthumb\/thumb.php?src=http:\/\/www.anadolupnomatik.com.tr\/wp-content\/uploads\/2014\/01\/otomotiv4.jpg&#038;w=258&#038;h=160&#038;zc=1&#038;q=100\" title=\"\" alt=\"\" width=\"258\" height=\"160\" \/><\/span><div class=\"mysite_preloader\"><img decoding=\"async\" src=\"https:\/\/www.anadolupnomatik.com.tr\/wp-content\/themes\/awake\/images\/assets\/transparent.gif\" style=\"background-image: url(https:\/\/www.anadolupnomatik.com.tr\/wp-content\/themes\/awake\/images\/assets\/preloader.png);background-position:left center;\"><\/div><\/a><\/div><div class=\"fancy_image\"><a rel=\"prettyPhoto[fancy_img_group_716]\" href=\"http:\/\/www.anadolupnomatik.com.tr\/wp-content\/uploads\/2014\/01\/tar\u0131m4.jpg\" title=\"\" class=\"fancy_image_load\" style=\"background:no-repeat center center;display:block;position:relative;height:178px;width:276px;\"><span class=\"noscript\"><img loading=\"lazy\" decoding=\"async\" class=\"hover_fade_js\" src=\"https:\/\/www.anadolupnomatik.com.tr\/wp-content\/themes\/awake\/lib\/scripts\/timthumb\/thumb.php?src=http:\/\/www.anadolupnomatik.com.tr\/wp-content\/uploads\/2014\/01\/tar\u0131m4.jpg&#038;w=258&#038;h=160&#038;zc=1&#038;q=100\" title=\"\" alt=\"\" width=\"258\" height=\"160\" \/><\/span><div class=\"mysite_preloader\"><img decoding=\"async\" src=\"https:\/\/www.anadolupnomatik.com.tr\/wp-content\/themes\/awake\/images\/assets\/transparent.gif\" style=\"background-image: url(https:\/\/www.anadolupnomatik.com.tr\/wp-content\/themes\/awake\/images\/assets\/preloader.png);background-position:left center;\"><\/div><\/a><\/div><div class=\"fancy_image\"><a rel=\"prettyPhoto[fancy_img_group_716]\" href=\"http:\/\/www.anadolupnomatik.com.tr\/wp-content\/uploads\/2014\/01\/tekstil.jpg\" title=\"\" class=\"fancy_image_load\" style=\"background:no-repeat center center;display:block;position:relative;height:178px;width:276px;\"><span class=\"noscript\"><img loading=\"lazy\" decoding=\"async\" class=\"hover_fade_js\" src=\"https:\/\/www.anadolupnomatik.com.tr\/wp-content\/themes\/awake\/lib\/scripts\/timthumb\/thumb.php?src=http:\/\/www.anadolupnomatik.com.tr\/wp-content\/uploads\/2014\/01\/tekstil.jpg&#038;w=258&#038;h=160&#038;zc=1&#038;q=100\" title=\"\" alt=\"\" width=\"258\" height=\"160\" \/><\/span><div class=\"mysite_preloader\"><img decoding=\"async\" src=\"https:\/\/www.anadolupnomatik.com.tr\/wp-content\/themes\/awake\/images\/assets\/transparent.gif\" style=\"background-image: url(https:\/\/www.anadolupnomatik.com.tr\/wp-content\/themes\/awake\/images\/assets\/preloader.png);background-position:left center;\"><\/div><\/a><\/div><div class=\"fancy_image\"><a rel=\"prettyPhoto[fancy_img_group_716]\" href=\"http:\/\/www.anadolupnomatik.com.tr\/wp-content\/uploads\/2014\/01\/tersane3.jpg\" title=\"\" class=\"fancy_image_load\" style=\"background:no-repeat center center;display:block;position:relative;height:178px;width:276px;\"><span class=\"noscript\"><img loading=\"lazy\" decoding=\"async\" class=\"hover_fade_js\" src=\"https:\/\/www.anadolupnomatik.com.tr\/wp-content\/themes\/awake\/lib\/scripts\/timthumb\/thumb.php?src=http:\/\/www.anadolupnomatik.com.tr\/wp-content\/uploads\/2014\/01\/tersane3.jpg&#038;w=258&#038;h=160&#038;zc=1&#038;q=100\" title=\"\" alt=\"\" width=\"258\" height=\"160\" \/><\/span><div class=\"mysite_preloader\"><img decoding=\"async\" src=\"https:\/\/www.anadolupnomatik.com.tr\/wp-content\/themes\/awake\/images\/assets\/transparent.gif\" style=\"background-image: url(https:\/\/www.anadolupnomatik.com.tr\/wp-content\/themes\/awake\/images\/assets\/preloader.png);background-position:left center;\"><\/div><\/a><\/div><\/div>","protected":false},"excerpt":{"rendered":"","protected":false},"author":1,"featured_media":0,"parent":0,"menu_order":0,"comment_status":"open","ping_status":"open","template":"","meta":{"footnotes":""},"class_list":["post-62","page","type-page","status-publish","hentry"],"_links":{"self":[{"href":"https:\/\/www.anadolupnomatik.com.tr\/index.php?rest_route=\/wp\/v2\/pages\/62","targetHints":{"allow":["GET"]}}],"collection":[{"href":"https:\/\/www.anadolupnomatik.com.tr\/index.php?rest_route=\/wp\/v2\/pages"}],"about":[{"href":"https:\/\/www.anadolupnomatik.com.tr\/index.php?rest_route=\/wp\/v2\/types\/page"}],"author":[{"embeddable":true,"href":"https:\/\/www.anadolupnomatik.com.tr\/index.php?rest_route=\/wp\/v2\/users\/1"}],"replies":[{"embeddable":true,"href":"https:\/\/www.anadolupnomatik.com.tr\/index.php?rest_route=%2Fwp%2Fv2%2Fcomments&post=62"}],"version-history":[{"count":15,"href":"https:\/\/www.anadolupnomatik.com.tr\/index.php?rest_route=\/wp\/v2\/pages\/62\/revisions"}],"predecessor-version":[{"id":275,"href":"https:\/\/www.anadolupnomatik.com.tr\/index.php?rest_route=\/wp\/v2\/pages\/62\/revisions\/275"}],"wp:attachment":[{"href":"https:\/\/www.anadolupnomatik.com.tr\/index.php?rest_route=%2Fwp%2Fv2%2Fmedia&parent=62"}],"curies":[{"name":"wp","href":"https:\/\/api.w.org\/{rel}","templated":true}]}}